8). Calculate the highest common divisor of 56 and d.
7
Suppose -30 = -c - 17. Let i be 12*-39*(-1)/9. Calculate the highest common factor of i and c.
13
Suppose -126 = -5*s - 3*y, 19*s - 16*s - 5*y - 96 = 0. What is the greatest common divisor of s and 63?
9
Suppose 0 = 2*q - 11 - 25. Suppose 25*g = -g + 52. What is the greatest common factor of g and q?
2
Let y be -3 - -23*2 - 3. Suppose -3*m + y - 10 = 0. What is the highest common factor of m and 70?
10
Let l(w) = w**3 - 10*w**2 - 2*w - 43. Let m be l(11). Calculate the highest common divisor of m and 448.
56
Suppose 3*h - 114 = -4*t, 0 = -3*t + h + 76 + 16. Let j(d) = 13*d - 1. Let r be j(1). What is the greatest common factor of t and r?
6
Let v(l) = 3*l**2 + 1. Let d be v(1). Suppose d*q = 5*z, -2*q - 6 = 2*z - 6*z. What is the highest common divisor of 5 and q?
5
Let g(n) = n**2 - n + 1. Let b(s) = -2*s**2 + 2*s - 73. Let c(a) = -b(a) - 3*g(a). Let y be c(0). What is the greatest common factor of 10 and y?
10
Let k = -108 + 223. Suppose 39*r - 42*r - 5*o = -109, 0 = -5*o + 40. Calculate the highest common factor of r and k.
23
Let l(p) = -5*p - 2*p + 5*p**2 - p - 4*p**2 + 20. Let d be l(8). Calculate the highest common factor of 12 and d.
4
Let y be (-2)/(-3) - (-344)/24. Suppose -s = -m - 4, -y = 5*m + 10. Let r be (s + (4 - -1))/2. Calculate the greatest common factor of r and 4.
2
Suppose 0 = -5*y + o + 19, 0 = 6*y + y - 2*o - 29. Calculate the greatest common divisor of y and 147.
3
Suppose 5*q + 10 = 6*q. Let h(c) = -6 - 8*c - 7 + 13. Let y be h(-10). Calculate the highest common factor of q and y.
10
Let c = -219 - -220. Let v(z) = z**2 - 4*z. Let i be v(4). Suppose 0*a - a + 1 = i. Calculate the greatest common divisor of c and a.
1
Let l be (-3 - -37)*28/(-2). Let s = -276 - l. Let x = s + -105. Calculate the highest common factor of x and 19.
19
Suppose 2*d - 615 = -5*o, -o - d + 147 = 24. Suppose 4*t + 4*c - 76 = 8*c, -o = -5*t - 2*c. Suppose -j = 4 - t. What is the highest common divisor of j and 95?
19
Let i(s) = s**2 - 20*s + 171. Let k be i(21). What is the highest common factor of 256 and k?
64
Let h be (-24)/180 + 411/45. Calculate the highest common factor of 3 and h.
3
Let u(z) = z**2 - z - 4*z**2 - 1 - 4*z**2 + 15*z**2. Let b be u(-1). Calculate the greatest common factor of 1 and b.
1
Let a(w) = 3*w**2 + 35*w + 2. Let x be a(-15). Calculate the greatest common factor of x and 57.
19
Suppose -33*g + 280 = -26*g. What is the greatest common divisor of g and 10?
10
Let y be 1*-5 + -92*(-9)/36. What is the greatest common divisor of y and 162?
18
Let y be (3/9)/((-2)/(-306)). Let h(c) = -c**3 + 3*c + 1. Let f be h(-2). Suppose -f*g = -0*g - 51. What is the highest common factor of y and g?
17
Suppose 4*a - 2842 = 4*o - 1114, 2*a - 3*o - 859 = 0. What is the greatest common factor of 57 and a?
19
Let c be 13 + (-1544)/(-8) + 14. Suppose -2*b + 205 = 3*b. Suppose -b = -2*k - 1. What is the greatest common divisor of k and c?
20
Suppose -69*t = -104*t + 5880. What is the highest common divisor of t and 48?
24
Suppose 3*i + 32 = -i + q, -4*q = 2*i + 16. Let v be (12/5)/(i/(-60)). Let f = 22 + 176. Calculate the greatest common divisor of f and v.
18
Let n = -2831 - -2886. Calculate the highest common divisor of 2530 and n.
55
Let w = -147 + 231. Let c = 78 - 57. Calculate the greatest common divisor of c and w.
21
Let p be 2/(-21) + (-150280)/(-3570). Let w = 5 + -2. What is the highest common factor of w and p?
3
Let r(w) = -w**3 - 2*w**2 + 6*w + 15. Let o be r(-4). Calculate the greatest common factor of 529 and o.
23
Let l(v) = v**3 + 8*v**2 - 5*v + 2. Let t be l(-6). Let r be ((-2)/4 + 0)*t. Let b be (-2)/8 + (-169)/r. What is the greatest common factor of 3 and b?
3
Suppose -20 = -2*j - 2*j - 3*s, -2*s = 3*j - 14. Calculate the greatest common divisor of 2 and j.
2
Let s(i) = 29*i - 9. Let l(q) = 88*q - 28. Let g(y) = -5*l(y) + 14*s(y). Let o be g(-8). What is the greatest common factor of 26 and o?
26
Suppose 2694 = 75*d - 606. What is the greatest common factor of 308 and d?
44
Let n be 7*(-64)/(-168) + (-4)/6. Let x be 2/(-5) + (-51)/(-15). Suppose x*a - 24 = a. Calculate the greatest common divisor of n and a.
2
Let h(u) = 101*u + 7. Let o be h(1). What is the highest common factor of 60 and o?
12
Let m = -4 + 7. Suppose -v + 5*y = -93, 14*v - 9*v + 3*y - 325 = 0. Let f = 92 - v. What is the greatest common factor of f and m?
3
Suppose -15*j = -7*j - 184. What is the highest common factor of j and 115?
23
Let c be 1 + 0 - (-2 + -305). Suppose 2*p = -2*p - c. Let y = p - -142. What is the highest common factor of 26 and y?
13
Let z(p) = -p - 1. Let f(k) = 6*k**3 + 2*k**2 + 7*k - 2. Let i(l) = -f(l) + 4*z(l). Let d be i(-3). Calculate the greatest common divisor of d and 25.
25
Let a(x) = -x**3 - 4*x**2 + 5. Let l be a(-5). Suppose 4*s = l - 10. Suppose v - 16 = -s. Calculate the greatest common factor of 88 and v.
11
Let u be 3*141 - 4/(-4). Let n = -289 + u. Calculate the greatest common factor of 15 and n.
15
Let m(k) = -16*k + 48. Let n be m(7). Let c be (16/n)/((-1)/52). What is the greatest common divisor of c and 39?
13
Let v be ((-884)/(-260))/((-1)/(-5)). What is the highest common divisor of v and 493?
17
Let f(a) = a**3 - 10*a**2 + 3. Let b be f(10). Let z be 16/b + (-8)/(-12). Calculate the highest common factor of z and 24.
6
Let k = 13 + -30. Let g = -17 - k. Suppose -5*n + 71 = v, 5*v = -n - g*n + 19. What is the greatest common factor of 7 and n?
7
Let w(o) = -3*o - 84. Let h be w(-31). What is the highest common divisor of 288 and h?
9
Let f = -198 - -215. What is the highest common factor of 357 and f?
17
Let x = 3693 + -1703. Calculate the highest common divisor of x and 10.
10
Suppose 2*k = -u - 3*u + 24, 0 = -3*k - 3*u + 27. Suppose 95 = -15*f + 140. Calculate the greatest common factor of k and f.
3
Let u = 26 - 24. Let j be (-1 - -5) + -1*u. Let m be (-12)/(-3*(-2)/(-4)). What is the greatest common divisor of j and m?
2
Suppose 0*m = -4*m + 68. Let h = 11 + -8. Suppose -4*b + 549 = k, -3*b + 2*k - h*k = -413. What is the greatest common factor of b and m?
17
Let s be (1 - (-3)/(-2))*-28. Suppose 0 = -h + 3*n + 10, h = 2*n + 284 - 275. What is the highest common divisor of h and s?
7
Let b be (-626)/(-13) - 16/104. Suppose 4*a = -r + 482, 4*a = -5*r + 105 + 385. What is the greatest common divisor of a and b?
24
Suppose 17*a - 12 = 362. Calculate the greatest common divisor of 209 and a.
11
Let v = 1678 + -1633. What is the highest common factor of 99 and v?
9
Suppose 4*a - 223 = s, -102*s + 60 = a - 98*s. Calculate the greatest common factor of 72 and a.
8
Let j(g) = 2*g - 11. Let m be j(7). Suppose m*p = -3*p + 78. What is the greatest common divisor of p and 91?
13
Let n(r) = -r**3 + 17*r**2 - 17*r + 13. Let b be n(16). Let c be -3 - -14 - (b - -4). What is the highest common divisor of 5 and c?
5
Let n be 0 - 28/4*-1. Suppose 18 = n*w - 17. What is the greatest common factor of w and 40?
5
Suppose 0 = 5*r + 2*w - 734, 0*w = -5*r - w + 737. Suppose 5*m = q + r - 13, -m + 11 = 3*q. Calculate the highest common divisor of m and 39.
13
Suppose -10*i = -211 - 9. Let m be (-6)/(0 - (-4)/(-22)). What is the greatest common factor of i and m?
11
Let k(y) = 94*y**3 - 8*y**2 + 10*y - 1. Let c be k(1). What is the greatest common factor of 1045 and c?
95
Let x = -5 - -1. Let l be -2 - -4 - 36/x. Suppose -4*m + l = 3. Calculate the highest common divisor of m and 2.
2
Suppose 1449 = -3*k + 10*k. Let b = k + -53. What is the highest common divisor of b and 14?
14
Let v(u) = -59*u + 1. Let y be v(-1). Let p(g) = -5*g. Let r be p(-16). Suppose 0 = 9*m - 11*m + r. Calculate the highest common divisor of y and m.
20
Let c(p) = 9*p**2 + 2*p - 3. Let v be c(5). Let x be (-7 - (-98)/21)*24. Let s = v + x. What is the highest common divisor of s and 16?
16
Suppose 35 = 13*l - 69. Suppose -l*y + 24 = -312. Calculate the greatest common factor of y and 63.
21
Let o be 2*(-372)/(-3) + 4 + -4. Let a = o - 136. Calculate the highest common factor of a and 14.
14
Let h be 3/((-18)/20)*528/(-40). Calculate the highest common divisor of 165 and h.
11
Let p = 146 - 106. Suppose -9 = -7*i + p. Calculate the highest common divisor of 1 and i.
1
Let o(q) = q**2 + 7*q 